{"id":465,"date":"2018-07-08T09:39:00","date_gmt":"2018-07-08T09:39:00","guid":{"rendered":"http:\/\/sgfeuerwehr.florian-dahlenburg.de\/?post_type=einsatz&#038;p=465"},"modified":"2018-10-21T20:21:11","modified_gmt":"2018-10-21T20:21:11","slug":"h3y-person-in-pkw-eingeklemmt","status":"publish","type":"einsatz","link":"https:\/\/florian-dahlenburg.de\/?einsatz=h3y-person-in-pkw-eingeklemmt","title":{"rendered":"H3Y &#8211; Person in PKW eingeklemmt"},"content":{"rendered":"<div class=\"eiko_einsatzbericht_2\">\n<p><strong>Dahlenburg.<\/strong> Der Fahrer des wei\u00dfen Opel hatte keine Chance: Er fuhr aus L\u00fcneburg kommend in Richtung Dahlenburg, als gegen 9.30 Uhr ein 72-J\u00e4hriger mit seinem Chevrolet Cabrio die B216 kreuzte. Nach ersten Ermittlungen der Polizei fuhr der Senior ohne auf den Verkehr zu achten und zu stoppen von Dumstorf kommend geradeaus weiter auf einen Verbindungsweg. Der Opel prallte trotz Vollbremsung auf die Fahrerseite des alten Chevy.<\/p>\n<h2><strong>Der andere Fahrer kam schwer verletzt ins Klinikum <\/strong><\/h2>\n<p>Der 72-J\u00e4hrige erlag noch an der Unfallstelle seinen Verletzungen. Der andere Fahrer kam schwer verletzt ins Klinikum nach L\u00fcneburg.<\/p>\n<p>Es ist der zweite t\u00f6dliche Unfall innerhalb weniger Tage im Landkreis. K\u00fcrzlich war ein 24-J\u00e4hriger bei einem Zusammensto\u00df auf der B 209 in H\u00f6he des ADAC-Zentrums bei Embsen ums Leben gekommen. <em>ca<\/em><\/p>\n<p>&nbsp;<\/p>\n<p><em>Quelle: <span class=\"_5yl5\"><a href=\"http:\/\/www.landeszeitung.de\/\" target=\"_blank\" rel=\"nofollow noopener noreferrer\" data-lynx-mode=\"hover\" data-lynx-uri=\"https:\/\/l.facebook.com\/l.php?u=http%3A%2F%2Fwww.landeszeitung.de%2F&amp;h=AT3JVO57qbVKLcCd0HfGFviCEBDymYX_8hRkDewBSIZK_5Df_DE7I47-tFJyHKoSzB3duHkby_5aBqemEDpi5HntdPRg4IC5rKGH2EDRgjq7J63aXDV8GcYTyq-2G_Dv5OS46zmSr560wFPrxrhL8w\">www.landeszeitung.de<\/a><\/span><\/em><\/p>\n<\/div>\n<p>&nbsp;<\/p>\n<p>Im Einsatz<\/p>\n<p>Feuerwehr Nahrendorf- Oldendorf<\/p>\n<p>Feuerwehr Dahlenburg<\/p>\n<div class=\"clear\"><\/div>\n<div class=\"eiko_distance100_2\"><\/div>\n","protected":false},"author":1,"featured_media":466,"template":"","meta":{"einsatz_weight":1,"footnotes":""},"categories":[],"tags":[],"einsatzart":[6],"fahrzeug":[],"exteinsatzmittel":[],"alarmierungsart":[],"evw_unit":[],"class_list":["post-465","einsatz","type-einsatz","status-publish","has-post-thumbnail","hentry","einsatzart-verkehrsunfall"],"_links":{"self":[{"href":"https:\/\/florian-dahlenburg.de\/index.php?rest_route=\/wp\/v2\/einsatz\/465","targetHints":{"allow":["GET"]}}],"collection":[{"href":"https:\/\/florian-dahlenburg.de\/index.php?rest_route=\/wp\/v2\/einsatz"}],"about":[{"href":"https:\/\/florian-dahlenburg.de\/index.php?rest_route=\/wp\/v2\/types\/einsatz"}],"author":[{"embeddable":true,"href":"https:\/\/florian-dahlenburg.de\/index.php?rest_route=\/wp\/v2\/users\/1"}],"version-history":[{"count":1,"href":"https:\/\/florian-dahlenburg.de\/index.php?rest_route=\/wp\/v2\/einsatz\/465\/revisions"}],"predecessor-version":[{"id":467,"href":"https:\/\/florian-dahlenburg.de\/index.php?rest_route=\/wp\/v2\/einsatz\/465\/revisions\/467"}],"wp:featuredmedia":[{"embeddable":true,"href":"https:\/\/florian-dahlenburg.de\/index.php?rest_route=\/wp\/v2\/media\/466"}],"wp:attachment":[{"href":"https:\/\/florian-dahlenburg.de\/index.php?rest_route=%2Fwp%2Fv2%2Fmedia&parent=465"}],"wp:term":[{"taxonomy":"category","embeddable":true,"href":"https:\/\/florian-dahlenburg.de\/index.php?rest_route=%2Fwp%2Fv2%2Fcategories&post=465"},{"taxonomy":"post_tag","embeddable":true,"href":"https:\/\/florian-dahlenburg.de\/index.php?rest_route=%2Fwp%2Fv2%2Ftags&post=465"},{"taxonomy":"einsatzart","embeddable":true,"href":"https:\/\/florian-dahlenburg.de\/index.php?rest_route=%2Fwp%2Fv2%2Feinsatzart&post=465"},{"taxonomy":"fahrzeug","embeddable":true,"href":"https:\/\/florian-dahlenburg.de\/index.php?rest_route=%2Fwp%2Fv2%2Ffahrzeug&post=465"},{"taxonomy":"exteinsatzmittel","embeddable":true,"href":"https:\/\/florian-dahlenburg.de\/index.php?rest_route=%2Fwp%2Fv2%2Fexteinsatzmittel&post=465"},{"taxonomy":"alarmierungsart","embeddable":true,"href":"https:\/\/florian-dahlenburg.de\/index.php?rest_route=%2Fwp%2Fv2%2Falarmierungsart&post=465"},{"taxonomy":"evw_unit","embeddable":true,"href":"https:\/\/florian-dahlenburg.de\/index.php?rest_route=%2Fwp%2Fv2%2Fevw_unit&post=465"}],"curies":[{"name":"wp","href":"https:\/\/api.w.org\/{rel}","templated":true}]}}

<div class="eiko_einsatzbericht_2">
<p><strong>Dahlenburg.</strong> Der Fahrer des weißen Opel hatte keine Chance: Er fuhr aus Lüneburg kommend in Richtung Dahlenburg, als gegen 9.30 Uhr ein 72-Jähriger mit seinem Chevrolet Cabrio die B216 kreuzte. Nach ersten Ermittlungen der Polizei fuhr der Senior ohne auf den Verkehr zu achten und zu stoppen von Dumstorf kommend geradeaus weiter auf einen Verbindungsweg. Der Opel prallte trotz Vollbremsung auf die Fahrerseite des alten Chevy.</p>
<h2><strong>Der andere Fahrer kam schwer verletzt ins Klinikum </strong></h2>
<p>Der 72-Jährige erlag noch an der Unfallstelle seinen Verletzungen. Der andere Fahrer kam schwer verletzt ins Klinikum nach Lüneburg.</p>
<p>Es ist der zweite tödliche Unfall innerhalb weniger Tage im Landkreis. Kürzlich war ein 24-Jähriger bei einem Zusammenstoß auf der B 209 in Höhe des ADAC-Zentrums bei Embsen ums Leben gekommen. <em>ca</em></p>
<p>&nbsp;</p>
<p><em>Quelle: <span class="_5yl5"><a href="http://www.landeszeitung.de/" target="_blank" rel="nofollow noopener noreferrer" data-lynx-mode="hover" data-lynx-uri="https://l.facebook.com/l.php?u=http%3A%2F%2Fwww.landeszeitung.de%2F&amp;h=AT3JVO57qbVKLcCd0HfGFviCEBDymYX_8hRkDewBSIZK_5Df_DE7I47-tFJyHKoSzB3duHkby_5aBqemEDpi5HntdPRg4IC5rKGH2EDRgjq7J63aXDV8GcYTyq-2G_Dv5OS46zmSr560wFPrxrhL8w">www.landeszeitung.de</a></span></em></p>
</div>
<p>&nbsp;</p>
<p>Im Einsatz</p>
<p>Feuerwehr Nahrendorf- Oldendorf</p>
<p>Feuerwehr Dahlenburg</p>
<div class="clear"></div>
<div class="eiko_distance100_2"></div>
