{"id":410,"date":"2018-09-21T20:12:48","date_gmt":"2018-09-21T20:12:48","guid":{"rendered":"http:\/\/sgfeuerwehr.florian-dahlenburg.de\/?page_id=410"},"modified":"2025-01-09T23:17:02","modified_gmt":"2025-01-09T23:17:02","slug":"tosterglope","status":"publish","type":"page","link":"https:\/\/florian-dahlenburg.de\/?page_id=410","title":{"rendered":"JF Tosterglope"},"content":{"rendered":"<p><strong>Ansprechpartner<\/strong><\/p>\n<p><em>Jugendfeuerwehrwart<\/em><br \/>\n<strong><span style=\"color: #000080;\">Franz Weise<\/span><br \/>\n<\/strong><\/p>\n<p>Kontakt: jf-tosterglope(at)florian-dahlenburg.de<\/p>\n<p>Die Jugendfeuerwehr Tosterglope konnte Anfang 2017 die Arbeit wieder aufnehmen. Seit dem treffen sich etwa zehn Jugendfeuerwehrmitglieder mit uns Betreuern\u00a0 montags um 18:00 Uhr (au\u00dfer in den Ferien) im Feuerwehrhaus Tosterglope.<\/p>\n<p>Spielerisch bringen wir den Kindern und Jugendlichen Themen, wie Feuerwehrausr\u00fcstung und Feuerwehrfahrzeuge, Brandklassen und physikalische Grundlagen eines Feuers, Verhalten im Brandfall und Bedienung von Feuerl\u00f6schern n\u00e4her.<\/p>\n<p>Gemeinsam unternehmen wir Ausfl\u00fcge zu anderen Jugendfeuerwehren, Wettk\u00e4mpfen und weiteren Veranstaltungen. Die Kameradschaft ist auch in der Jugendfeuerwehr wichtig und wird zum Beispiel \u00fcber Gruppenspiele gest\u00e4rkt.<\/p>\n<p>Du hast Lust ein Teil unserer begeisterten Gruppe zu werden oder m\u00f6chtest einfach einmal in einen\u00a0 Dienst reinzuschnuppern? Dann komm einfach vorbei. Wir freuen uns auf dich.<\/p>\n<p><u><strong>\u00dcbungszeit :<\/strong><\/u><\/p>\n<p>Montag 18:00-19:00 Uhr<\/p>\n<p><img loading=\"lazy\" decoding=\"async\" class=\"alignnone size-large wp-image-3702\" src=\"http:\/\/florian-dahlenburg.de\/wp-content\/uploads\/2024\/03\/5-1024x768.jpeg\" alt=\"\" width=\"860\" height=\"645\" srcset=\"https:\/\/florian-dahlenburg.de\/wp-content\/uploads\/2024\/03\/5-1024x768.jpeg 1024w, https:\/\/florian-dahlenburg.de\/wp-content\/uploads\/2024\/03\/5-300x225.jpeg 300w, https:\/\/florian-dahlenburg.de\/wp-content\/uploads\/2024\/03\/5-768x576.jpeg 768w, https:\/\/florian-dahlenburg.de\/wp-content\/uploads\/2024\/03\/5-1536x1152.jpeg 1536w, https:\/\/florian-dahlenburg.de\/wp-content\/uploads\/2024\/03\/5.jpeg 2048w\" sizes=\"auto, (max-width: 860px) 100vw, 860px\" \/><\/p>\n<p style=\"text-align: center;\"><strong>Adresse: K\u00f6hlinger Weg 4, 21371 Tosterglope<\/strong><\/p>\n","protected":false},"excerpt":{"rendered":"<p>Ansprechpartner Jugendfeuerwehrwart Franz Weise Kontakt: jf-tosterglope(at)florian-dahlenburg.de Die Jugendfeuerwehr Tosterglope konnte Anfang 2017 die Arbeit wieder aufnehmen. Seit dem<\/p>\n","protected":false},"author":1,"featured_media":4459,"parent":21,"menu_order":0,"comment_status":"closed","ping_status":"closed","template":"","meta":{"footnotes":""},"class_list":["post-410","page","type-page","status-publish","has-post-thumbnail","hentry"],"_links":{"self":[{"href":"https:\/\/florian-dahlenburg.de\/index.php?rest_route=\/wp\/v2\/pages\/410","targetHints":{"allow":["GET"]}}],"collection":[{"href":"https:\/\/florian-dahlenburg.de\/index.php?rest_route=\/wp\/v2\/pages"}],"about":[{"href":"https:\/\/florian-dahlenburg.de\/index.php?rest_route=\/wp\/v2\/types\/page"}],"author":[{"embeddable":true,"href":"https:\/\/florian-dahlenburg.de\/index.php?rest_route=\/wp\/v2\/users\/1"}],"replies":[{"embeddable":true,"href":"https:\/\/florian-dahlenburg.de\/index.php?rest_route=%2Fwp%2Fv2%2Fcomments&post=410"}],"version-history":[{"count":11,"href":"https:\/\/florian-dahlenburg.de\/index.php?rest_route=\/wp\/v2\/pages\/410\/revisions"}],"predecessor-version":[{"id":3711,"href":"https:\/\/florian-dahlenburg.de\/index.php?rest_route=\/wp\/v2\/pages\/410\/revisions\/3711"}],"up":[{"embeddable":true,"href":"https:\/\/florian-dahlenburg.de\/index.php?rest_route=\/wp\/v2\/pages\/21"}],"wp:featuredmedia":[{"embeddable":true,"href":"https:\/\/florian-dahlenburg.de\/index.php?rest_route=\/wp\/v2\/media\/4459"}],"wp:attachment":[{"href":"https:\/\/florian-dahlenburg.de\/index.php?rest_route=%2Fwp%2Fv2%2Fmedia&parent=410"}],"curies":[{"name":"wp","href":"https:\/\/api.w.org\/{rel}","templated":true}]}}