{"id":59,"date":"2017-12-15T19:33:10","date_gmt":"2017-12-15T19:33:10","guid":{"rendered":"http:\/\/sgfeuerwehr.florian-dahlenburg.de\/?page_id=59"},"modified":"2025-01-09T23:45:20","modified_gmt":"2025-01-09T23:45:20","slug":"gefahrgutgruppe","status":"publish","type":"page","link":"https:\/\/florian-dahlenburg.de\/?page_id=59","title":{"rendered":"Gefahrgutgruppe"},"content":{"rendered":"<div>Gefahrgutgruppe der Samtgemeinde Dahlenburg<\/div>\n<div>Die Gefahrgutgruppe der Feuerwehren der Samtgemeinde Dahlenburg setzt sich aus den einzelnen Feuerwehren der Samtgemeinde zusammen.<\/div>\n<div>In der Gefahrgutgruppe kommen vornehmlich die Atemschutzger\u00e4tetr\u00e4ger zusammen um den Ernstfall mit gef\u00e4hrlichen G\u00fctern zu trainieren.<\/div>\n<div>Die Leitung der Gefahrgutgruppe liegen beim Gruppenf\u00fchrer Christoph Killig und seinem<\/div>\n<div>Stellvertreter Oliver Scholz, beide sind neben dieser T\u00e4tigkeit Mitglied in der Ortsfeuerwehr<\/div>\n<div>Dahlenburg.<\/div>\n<div>Nach mehreren Jahren \u201eder Ruhe\u201c soll der Gefahrgutgruppe nun wieder neues Leben eingehaucht werden um im Ernstfall agieren zu k\u00f6nnen.<\/div>\n<div>Zuk\u00fcnftig soll zudem auch wieder mit den Gefahrgutgruppen aus Bleckede, der Ostheide und Amt Neuhaus ge\u00fcbt werden.<\/div>\n<div>Interessierte sind herzlich willkommen, die \u00dcbungstermine werden fr\u00fchzeitig bekanntgegeben.<\/div>\n<p style=\"text-align: center;\"><strong>Ansprechpartner<\/strong><\/p>\n<p style=\"text-align: center;\"><img loading=\"lazy\" decoding=\"async\" class=\"aligncenter wp-image-3042\" src=\"http:\/\/sgfeuerwehr.florian-dahlenburg.de\/wp-content\/uploads\/2023\/08\/IMG_6094-scaled.jpg\" alt=\"\" width=\"493\" height=\"657\" srcset=\"https:\/\/florian-dahlenburg.de\/wp-content\/uploads\/2023\/08\/IMG_6094-scaled.jpg 1920w, https:\/\/florian-dahlenburg.de\/wp-content\/uploads\/2023\/08\/IMG_6094-225x300.jpg 225w, https:\/\/florian-dahlenburg.de\/wp-content\/uploads\/2023\/08\/IMG_6094-768x1024.jpg 768w, https:\/\/florian-dahlenburg.de\/wp-content\/uploads\/2023\/08\/IMG_6094-1152x1536.jpg 1152w, https:\/\/florian-dahlenburg.de\/wp-content\/uploads\/2023\/08\/IMG_6094-1536x2048.jpg 1536w\" sizes=\"auto, (max-width: 493px) 100vw, 493px\" \/><\/p>\n<p>&nbsp;<\/p>\n<p style=\"text-align: center;\">Gefahrgutgruppe<\/p>\n<p style=\"text-align: center;\">Christoph Killig<\/p>\n<p style=\"text-align: center;\">E-Mail:<span id=\"cloak788902f6b85a9713682d2790d93877a8\"><a href=\"mailto:gefahrgut@florian-dahlenburg.de\">gefahrgut@florian-dahlenburg.de<\/a><\/span><span id=\"cloak788902f6b85a9713682d2790d93877a8\"><\/span><\/p>\n<p>&nbsp;<\/p>\n","protected":false},"excerpt":{"rendered":"<p>Gefahrgutgruppe der Samtgemeinde Dahlenburg Die Gefahrgutgruppe der Feuerwehren der Samtgemeinde Dahlenburg setzt sich aus den einzelnen Feuerwehren der<\/p>\n","protected":false},"author":1,"featured_media":0,"parent":22,"menu_order":0,"comment_status":"closed","ping_status":"closed","template":"","meta":{"footnotes":""},"class_list":["post-59","page","type-page","status-publish","hentry"],"_links":{"self":[{"href":"https:\/\/florian-dahlenburg.de\/index.php?rest_route=\/wp\/v2\/pages\/59","targetHints":{"allow":["GET"]}}],"collection":[{"href":"https:\/\/florian-dahlenburg.de\/index.php?rest_route=\/wp\/v2\/pages"}],"about":[{"href":"https:\/\/florian-dahlenburg.de\/index.php?rest_route=\/wp\/v2\/types\/page"}],"author":[{"embeddable":true,"href":"https:\/\/florian-dahlenburg.de\/index.php?rest_route=\/wp\/v2\/users\/1"}],"replies":[{"embeddable":true,"href":"https:\/\/florian-dahlenburg.de\/index.php?rest_route=%2Fwp%2Fv2%2Fcomments&post=59"}],"version-history":[{"count":16,"href":"https:\/\/florian-dahlenburg.de\/index.php?rest_route=\/wp\/v2\/pages\/59\/revisions"}],"predecessor-version":[{"id":3044,"href":"https:\/\/florian-dahlenburg.de\/index.php?rest_route=\/wp\/v2\/pages\/59\/revisions\/3044"}],"up":[{"embeddable":true,"href":"https:\/\/florian-dahlenburg.de\/index.php?rest_route=\/wp\/v2\/pages\/22"}],"wp:attachment":[{"href":"https:\/\/florian-dahlenburg.de\/index.php?rest_route=%2Fwp%2Fv2%2Fmedia&parent=59"}],"curies":[{"name":"wp","href":"https:\/\/api.w.org\/{rel}","templated":true}]}}