{"id":64,"date":"2017-12-15T19:33:11","date_gmt":"2017-12-15T19:33:11","guid":{"rendered":"http:\/\/sgfeuerwehr.florian-dahlenburg.de\/?page_id=64"},"modified":"2025-01-09T23:32:16","modified_gmt":"2025-01-09T23:32:16","slug":"gienau-2","status":"publish","type":"page","link":"https:\/\/florian-dahlenburg.de\/?page_id=64","title":{"rendered":"Gienau"},"content":{"rendered":"<p><u>Kinderfeuerwehr Gienau<\/u><\/p>\n<p>Die Kinderfeuerwehr Gienau geh\u00f6rt mit zu den ersten gegr\u00fcndeten Kinderfeuerwehren im Landkreis L\u00fcneburg. Das wichtige Thema Nachwuchs steht somit schon lange bei der Freiwilligen Feuerwehr Gienau im Vordergrund.<\/p>\n<p>Einige Zeit lang ruhte die Kinderfeuerwehr mangels Nachwuchs.<\/p>\n<p>Seit M\u00e4rz 2015 konnte der Dienstbetrieb wieder aufgenommen werden. Aktuell sind 13 Kinder im Alter zwischen 6-10 Jahr Mitglied der Kinderfeuerwehr.<\/p>\n<p>Die Treffen sind immer an einem Samstag im Monat von 10:30 Uhr \u2013 12:00 Uhr. Es wird den Kindern immer wieder ein abwechslungsreicher Dienst geboten. Die Themen reichen von Basteln, Werken, Umweltschutz, Brandschutzerziehung Sport, Spiel und der ersten Anf\u00e4ngen einer feuerwehrtechnischen Ausbildung. Der Spa\u00df kommt nat\u00fcrlich nie zu kurz und steht stets an erster Stelle. Den Betreuern der Kinderfeuerwehr ist es auch wichtig, das f\u00fcr die Feuerwehr pr\u00e4gende Miteinander zu vermitteln.<\/p>\n<p>Dank der finanziellen Unterst\u00fctzung des F\u00f6rdervereins der Freiwilligen Feuerwehr Gienau k\u00f6nnen auch mal Ausfl\u00fcge ins Schwimmbad unternommen werden, oder kostenintensivere Bastel- und Werkaktionen durchgef\u00fchrt werden.<\/p>\n<p>Die Teilnahme am Dienst der Kinderfeuerwehr Gienau ist selbstverst\u00e4ndlich kostenlos.<\/p>\n<p>Haben wir das Interesse geweckt? Dann kommen Sie doch einfach mal mit Ihrem Nachwuchs vorbei und machten mit.<\/p>\n<p>Weitere Infos &amp; Termine bei Jugendwart Tobias Gierke Tel.05851-944343.<\/p>\n","protected":false},"excerpt":{"rendered":"<p>Kinderfeuerwehr Gienau Die Kinderfeuerwehr Gienau geh\u00f6rt mit zu den ersten gegr\u00fcndeten Kinderfeuerwehren im Landkreis L\u00fcneburg. Das wichtige Thema<\/p>\n","protected":false},"author":1,"featured_media":357,"parent":20,"menu_order":0,"comment_status":"closed","ping_status":"closed","template":"","meta":{"footnotes":""},"class_list":["post-64","page","type-page","status-publish","has-post-thumbnail","hentry"],"_links":{"self":[{"href":"https:\/\/florian-dahlenburg.de\/index.php?rest_route=\/wp\/v2\/pages\/64","targetHints":{"allow":["GET"]}}],"collection":[{"href":"https:\/\/florian-dahlenburg.de\/index.php?rest_route=\/wp\/v2\/pages"}],"about":[{"href":"https:\/\/florian-dahlenburg.de\/index.php?rest_route=\/wp\/v2\/types\/page"}],"author":[{"embeddable":true,"href":"https:\/\/florian-dahlenburg.de\/index.php?rest_route=\/wp\/v2\/users\/1"}],"replies":[{"embeddable":true,"href":"https:\/\/florian-dahlenburg.de\/index.php?rest_route=%2Fwp%2Fv2%2Fcomments&post=64"}],"version-history":[{"count":9,"href":"https:\/\/florian-dahlenburg.de\/index.php?rest_route=\/wp\/v2\/pages\/64\/revisions"}],"predecessor-version":[{"id":4469,"href":"https:\/\/florian-dahlenburg.de\/index.php?rest_route=\/wp\/v2\/pages\/64\/revisions\/4469"}],"up":[{"embeddable":true,"href":"https:\/\/florian-dahlenburg.de\/index.php?rest_route=\/wp\/v2\/pages\/20"}],"wp:featuredmedia":[{"embeddable":true,"href":"https:\/\/florian-dahlenburg.de\/index.php?rest_route=\/wp\/v2\/media\/357"}],"wp:attachment":[{"href":"https:\/\/florian-dahlenburg.de\/index.php?rest_route=%2Fwp%2Fv2%2Fmedia&parent=64"}],"curies":[{"name":"wp","href":"https:\/\/api.w.org\/{rel}","templated":true}]}}